e?
True
Is 52837 a composite number?
False
Is 16243 composite?
True
Is 1324649 composite?
False
Is 12197 prime?
True
Is 6761 prime?
True
Is 1313917 composite?
True
Is 5731 prime?
False
Is 1325977 a composite number?
False
Is 124861 composite?
True
Is 159893 prime?
False
Is 11863 a prime number?
True
Is 5147 composite?
False
Is 18533 a prime number?
False
Is 851213 prime?
False
Is 104131 a composite number?
True
Is 24593 a composite number?
False
Is 163039 a prime number?
False
Is 24441 composite?
True
Is 104231 a prime number?
True
Is 3841 a prime number?
False
Is 714991 a composite number?
False
Is 2099 a composite number?
False
Is 239 a composite number?
False
Is 416147 a composite number?
False
Is 13773 a composite number?
True
Is 50117 a composite number?
True
Is 59333 a composite number?
False
Is 1082 a composite number?
True
Is 12367 a prime number?
False
Is 135131 a prime number?
True
Is 229247 a prime number?
True
Is 10949 composite?
False
Is 8251 composite?
True
Is 50063 a composite number?
True
Is 16495 a composite number?
True
Is 68963 a composite number?
False
Is 120113 a prime number?
False
Is 178073 composite?
True
Is 59191 prime?
False
Is 36241 a prime number?
True
Is 3809 composite?
True
Is 311839 a composite number?
True
Is 372971 composite?
False
Is 107853 a composite number?
True
Is 2182535 a composite number?
True
Is 147377 prime?
True
Is 13381 a composite number?
False
Is 688063 composite?
False
Is 682411 prime?
True
Is 6599 a composite number?
False
Is 1985 composite?
True
Is 562691 composite?
False
Is 524491 composite?
True
Is 5297 prime?
True
Is 452497 a prime number?
True
Is 9237 a composite number?
True
Is 1229951 a prime number?
False
Is 247703 a prime number?
False
Is 22598 a composite number?
True
Is 1515485 a composite number?
True
Is 32107 composite?
True
Is 48439 composite?
True
Is 720527 a composite number?
False
Is 27211 composite?
False
Is 3037 a prime number?
True
Is 1597973 prime?
False
Is 2631 a prime number?
False
Is 20873 prime?
True
Is 1093237 a prime number?
True
Is 28319 a prime number?
True
Is 12679 composite?
True
Is 20569 prime?
False
Is 19709 a prime number?
True
Is 10643 a composite number?
True
Is 653561 a prime number?
True
Is 15959 a composite number?
False
Is 366119 prime?
False
Is 18398 a composite number?
True
Is 288461 prime?
True
Is 9094 a composite number?
True
Is 2719 prime?
True
Is 441659 a prime number?
False
Is 440957 composite?
True
Is 11927 prime?
True
Is 425933 a prime number?
False
Is 42729 a prime number?
False
Is 10529 prime?
True
Is 183149 a prime number?
False
Is 220763 prime?
False
Is 63949 a prime number?
True
Is 2099 composite?
False
Is 2361 a prime number?
False
Is 896663 prime?
False
Is 301 composite?
True
Is 6295 a composite number?
True
Is 1016593 a prime number?
False
Is 2521 a composite number?
False
Is 51853 composite?
False
Is 23233 composite?
True
Is 4271 a composite number?
False
Is 7513 composite?
True
Is 171293 a prime number?
True
Is 317542 composite?
True
Is 1120367 composite?
True
Is 31219 composite?
False
Is 13217 a prime number?
True
Is 6387 prime?
False
Is 2333 composite?
False
Is 151799 prime?
True
Is 566279 prime?
False
Is 14901 prime?
False
Is 128591 a prime number?
True
Is 280123 composite?
True
Is 12226 prime?
False
Is 2164258 a prime number?
False
Is 174527 prime?
True
Is 460451 prime?
True
Is 5191 composite?
True
Is 118119 a composite number?
True
Is 34363 prime?
False
Is 796683 a prime number?
False
Is 5857661 a composite number?
False
Is 262583 a composite number?
False
Is 485263 prime?
True
Is 944651 a composite number?
False
Is 32317 prime?
False
Is 102119 prime?
False
Is 26309 a prime number?
True
Is 6387 composite?
True
Is 21 composite?
True
Is 12203 prime?
True
Is 366433 a prime number?
True
Is 57635 a composite number?
True
Is 100907 prime?
True
Is 16129 prime?
False
Is 32141 prime?
True
Is 8491 composite?
True
Is 40141 prime?
False
Is 3697337 prime?
False
Is 1174867 a prime number?
False
Is 70963 a composite number?
True
Is 16769 a composite number?
True
Is 133205 a composite number?
True
Is 3118 prime?
False
Is 409855 a composite number?
True
Is 30997 composite?
True
Is 667465 a prime number?
False
Is 51367 composite?
True
Is 443 a prime number?
True
Is 908177 composite?
True
Is 3914815 composite?
True
Is 14519 prime?
True
Is 33503 a prime number?
True
Is 2770841 a composite number?
False
Is 5467061 composite?
True
Is 344227 a composite number?
True
Is 77297 a prime number?
False
Is 90239 composite?
False
Is 37039 a prime number?
True
Is 33961 composite?
False
Is 181361 a prime number?
True
Is 55163 composite?
False
Is 95397 a prime number?
False
Is 12071 a composite number?
False
Is 33107 a composite number?
False
Is 18831 composite?
True
Is 35891 composite?
True
Is 7103 composite?
False
Is 33301 a prime number?
True
Is 6121 prime?
True
Is 7145 a prime number?
False
Is 251609 a composite number?
False
Is 1738831 a prime number?
True
Is 37951 a composite number?
False
Is 62749 a composite number?
True
Is 19373 prime?
True
Is 714341 prime?
True
Is 57679 composite?
False
Is 909077 a composite number?
True
Is 26591 prime?
True
Is 11441 prime?
False
Is 7603 composite?
False
Is 6121 a composite number?
False
Is 3307 a composite number?
False
Is 2819 a prime number?
True
Is 377873 a prime number?
True
Is 22499 prime?
False
Is 4999 prime?
True
Is 72866 a prime number?
False
Is 9491 a prime number?
True
Is 1337 a prime number?
False
Is 485 a prime number?
False
Is 429445 a prime number?
False
Is 717 a composite number?
True
Is 53435 prime?
False
Is 99761 a prime number?
True
Is 48337 prime?
True
Is 253243 a prime number?
True
Is 9767 a composite number?
False
Is 38534 a composite number?
True
Is 6161063 composite?
False
Is 62599 a composite number?
True
Is 23741 composite?
False
Is 56483 prime?
False
Is 71405 a prime number?
False
Is 206623 a prime number?
True
Is 6421 a prime number?
True
Is 71843 a composite number?
False
Is 10351 a prime number?
False
Is 4327 prime?
True
Is 19951 prime?
False
Is 77849 composite?
False
Is 8857 prime?
False
Is 196851 a composite number?
True
Is 10319 a prime number?
False
Is 518657 composite?
False
Is 24943 a prime number?
True
Is 168503 composite?
True
Is 223999 composite?
False
Is 4193 a composite number?
True
Is 4201 prime?
True
Is 17617 prime?
False
Is 321413 prime?
True
Is 1497 a composite number?
True
Is 242423 composite?
True
Is 198497 composite?
True
Is 8054 a prime number?
False
Is 90929 a prime number?
False
Is 174329 a composite number?
False
Is 10409 composite?
True
Is 26899 composite?
True
Is 20885 composite?
True
Is 16607 a prime number?
True
Is 220057 composite?
False
Is 31643 a composite number?
False
Is 1978993 composite?
False
Is 590061 a composite number?
True
Is 84629 prime?
True
Is 23531 composite?
False
Is 33058 a prime number?
False
Is 87977 a prime number?
True
Is 24917 prime?
True
Is 372601 composite?
True
Is 9647 a prime number?
False
Is 286107 prime?
False
Is 71569 prime?
True
Is 2081 a composite number?
False
Is 6861 a composite number?
True
Is 288017 composite?
True
Is 1801 a composite number?
False
Is 9687 a composite number?
True
Is 4327 a composite number?
False
Is 211267 a composite number?
True
Is 4567 composite?
False
Is 632533 prime?
False
Is 10039 a composite number?
False
Is 53 composite?
False
Is 21309 a prime number?
False
Is 34289 a prime number?
False
Is 1779 composite?
True
Is 74379 composite?
True
Is 6719 composite?
False
Is 18317 composite?
True
Is 1858 a composite number?
True
Is 245383 a composite number?
False
Is 9458 a composite number?
True
Is 5317 a prime number?
False
Is 15121 a prime number?
True
Is 11081 prime?
False
Is 408413 a prime number?
True
Is 163479 a prime number?
False
Is 373327 composite?
False
Is 7831 prime?
False
Is 3943 composite?
False
Is 37097 prime?
True
Is 39554 a composite number?
True
Is 469 a composite number?
True
Is 12343 a prime number?
True
Is 68363 prime?
False
Is 83833 a composite number?
False
Is 3761 a prime number?
True
Is 68545 composite?
True
Is 132911 a composite number?
False
Is 1571 prime?
True
Is 241673 composite?
True
Is 32345 a prime number?
False
Is 1541323 prime?
False
Is 28417 composite?
True
Is 3271 a prime numbe